CRAN Package Check Results for Package doSNOW

Last updated on 2021-01-24 07:50:44 CET.

Flavor Version Tinstall Tcheck Ttotal Status Flags
r-devel-linux-x86_64-debian-clang 1.0.19 2.28 23.94 26.22 NOTE
r-devel-linux-x86_64-debian-gcc 1.0.19 1.81 19.30 21.11 NOTE
r-devel-linux-x86_64-fedora-clang 1.0.19 42.25 OK
r-devel-linux-x86_64-fedora-gcc 1.0.19 31.25 OK
r-devel-windows-ix86+x86_64 1.0.19 6.00 48.00 54.00 OK
r-patched-linux-x86_64 1.0.19 2.38 23.58 25.96 NOTE
r-patched-solaris-x86 1.0.19 49.40 OK
r-release-linux-x86_64 1.0.19 2.09 23.93 26.02 NOTE
r-release-macos-x86_64 1.0.19 OK
r-release-windows-ix86+x86_64 1.0.19 4.00 41.00 45.00 OK
r-oldrel-macos-x86_64 1.0.19 OK
r-oldrel-windows-ix86+x86_64 1.0.19 3.00 41.00 44.00 OK

Check Details

Version: 1.0.19
Check: R code for possible problems
Result: NOTE
    Found the following calls to attach():
    File 'doSNOW/R/doSNOW.R':
     attach(exportEnv)
    See section 'Good practice' in '?attach'.
Flavors: r-devel-linux-x86_64-debian-clang, r-devel-linux-x86_64-debian-gcc, r-patched-linux-x86_64, r-release-linux-x86_64