Last updated on 2021-01-21 07:52:51 CET.
Flavor | Version | Tinstall | Tcheck | Ttotal | Status | Flags |
---|---|---|---|---|---|---|
r-devel-linux-x86_64-debian-clang | 1.8.2 | 2.39 | 80.66 | 83.05 | NOTE | |
r-devel-linux-x86_64-debian-gcc | 1.8.2 | 1.86 | 64.85 | 66.71 | NOTE | |
r-devel-linux-x86_64-fedora-clang | 1.8.2 | 114.70 | NOTE | |||
r-devel-linux-x86_64-fedora-gcc | 1.8.2 | 101.87 | NOTE | |||
r-devel-windows-ix86+x86_64 | 1.8.2 | 5.00 | 79.00 | 84.00 | OK | |
r-patched-linux-x86_64 | 1.8.2 | 2.50 | 79.47 | 81.97 | NOTE | |
r-patched-solaris-x86 | 1.8.2 | 154.70 | NOTE | |||
r-release-linux-x86_64 | 1.8.2 | 2.42 | 80.19 | 82.61 | NOTE | |
r-release-macos-x86_64 | 1.8.2 | NOTE | ||||
r-release-windows-ix86+x86_64 | 1.8.2 | 5.00 | 91.00 | 96.00 | OK | |
r-oldrel-macos-x86_64 | 1.8.2 | NOTE | ||||
r-oldrel-windows-ix86+x86_64 | 1.8.2 | 3.00 | 71.00 | 74.00 | OK |
Version: 1.8.2
Check: package dependencies
Result: NOTE
Package suggested but not available for checking: 'doRedis'
Flavors: r-devel-linux-x86_64-debian-clang, r-devel-linux-x86_64-debian-gcc, r-devel-linux-x86_64-fedora-gcc, r-patched-linux-x86_64, r-patched-solaris-x86, r-release-linux-x86_64
Version: 1.8.2
Check: package dependencies
Result: NOTE
Package suggested but not available for checking: ‘doRedis’
Suggests orphaned package: ‘bibtex’
Flavor: r-devel-linux-x86_64-fedora-clang
Version: 1.8.2
Check: package dependencies
Result: NOTE
Package suggested but not available for checking: ‘doMPI’
Flavors: r-release-macos-x86_64, r-oldrel-macos-x86_64
Version: 1.8.2
Check: Rd cross-references
Result: NOTE
Package unavailable to check Rd xrefs: ‘doMPI’
Flavors: r-release-macos-x86_64, r-oldrel-macos-x86_64