Last updated on 2021-01-25 08:48:40 CET.
Flavor | Version | Tinstall | Tcheck | Ttotal | Status | Flags |
---|---|---|---|---|---|---|
r-devel-linux-x86_64-debian-clang | 0.2.2 | 3.47 | 36.71 | 40.18 | OK | |
r-devel-linux-x86_64-debian-gcc | 0.2.2 | 2.60 | 29.08 | 31.68 | OK | |
r-devel-linux-x86_64-fedora-clang | 0.2.2 | 55.76 | OK | |||
r-devel-linux-x86_64-fedora-gcc | 0.2.2 | 46.16 | OK | |||
r-devel-windows-ix86+x86_64 | 0.2.2 | 8.00 | 50.00 | 58.00 | OK | |
r-patched-linux-x86_64 | 0.2.2 | 3.80 | 35.54 | 39.34 | OK | |
r-patched-solaris-x86 | 0.2.2 | 62.50 | OK | |||
r-release-linux-x86_64 | 0.2.2 | 3.94 | 35.25 | 39.19 | OK | |
r-release-macos-x86_64 | 0.2.2 | ERROR | ||||
r-release-windows-ix86+x86_64 | 0.2.2 | 7.00 | 38.00 | 45.00 | OK | |
r-oldrel-macos-x86_64 | 0.2.2 | ERROR | ||||
r-oldrel-windows-ix86+x86_64 | 0.2.2 | 5.00 | 50.00 | 55.00 | OK |
Version: 0.2.2
Check: package dependencies
Result: ERROR
Package required but not available: ‘Rmpi’
See section ‘The DESCRIPTION file’ in the ‘Writing R Extensions’
manual.
Flavors: r-release-macos-x86_64, r-oldrel-macos-x86_64