CRAN Package Check Results for Package dm

Last updated on 2021-04-15 08:48:49 CEST.

Flavor Version Tinstall Tcheck Ttotal Status Flags
r-devel-linux-x86_64-debian-clang 0.1.12 12.89 517.20 530.09 NOTE
r-devel-linux-x86_64-debian-gcc 0.1.12 10.61 401.94 412.55 NOTE
r-devel-linux-x86_64-fedora-clang 0.1.12 658.76 NOTE
r-devel-linux-x86_64-fedora-gcc 0.1.12 653.35 NOTE
r-devel-windows-ix86+x86_64 0.1.12 24.00 519.00 543.00 NOTE
r-devel-windows-x86_64-gcc10-UCRT 0.1.12 NOTE
r-patched-linux-x86_64 0.1.12 11.25 524.14 535.39 OK
r-patched-solaris-x86 0.1.12 813.10 OK
r-release-linux-x86_64 0.1.12 9.53 529.24 538.77 OK
r-release-macos-x86_64 0.1.12 OK
r-release-windows-ix86+x86_64 0.1.12 37.00 549.00 586.00 OK
r-oldrel-macos-x86_64 0.1.12 OK
r-oldrel-windows-ix86+x86_64 0.1.12 14.00 432.00 446.00 OK

Check Details

Version: 0.1.12
Check: LazyData
Result: NOTE
     'LazyData' is specified without a 'data' directory
Flavors: r-devel-linux-x86_64-debian-clang, r-devel-linux-x86_64-debian-gcc, r-devel-linux-x86_64-fedora-clang, r-devel-linux-x86_64-fedora-gcc, r-devel-windows-ix86+x86_64, r-devel-windows-x86_64-gcc10-UCRT