Last updated on 2021-01-20 07:49:08 CET.
Flavor | Version | Tinstall | Tcheck | Ttotal | Status | Flags |
---|---|---|---|---|---|---|
r-devel-linux-x86_64-debian-clang | 0.3.7 | 30.43 | 122.96 | 153.39 | WARN | |
r-devel-linux-x86_64-debian-gcc | 0.3.7 | 21.60 | 92.96 | 114.56 | WARN | |
r-devel-linux-x86_64-fedora-clang | 0.3.7 | 196.77 | WARN | |||
r-devel-linux-x86_64-fedora-gcc | 0.3.7 | 177.73 | WARN | |||
r-devel-windows-ix86+x86_64 | 0.3.7 | 50.00 | 207.00 | 257.00 | OK | |
r-patched-linux-x86_64 | 0.3.7 | 24.84 | 110.89 | 135.73 | WARN | |
r-patched-solaris-x86 | 0.3.7 | 230.40 | WARN | |||
r-release-linux-x86_64 | 0.3.7 | 23.79 | 111.72 | 135.51 | WARN | |
r-release-macos-x86_64 | 0.3.7 | OK | ||||
r-release-windows-ix86+x86_64 | 0.3.7 | 57.00 | 189.00 | 246.00 | OK | |
r-oldrel-macos-x86_64 | 0.3.7 | OK | ||||
r-oldrel-windows-ix86+x86_64 | 0.3.7 | 46.00 | 171.00 | 217.00 | WARN |
Version: 0.3.7
Check: S3 generic/method consistency
Result: WARN
count:
function(x, ..., wt, sort, name)
count.disk.frame:
function(.data, ...)
tally:
function(x, wt, sort, name)
tally.disk.frame:
function(.data, ...)
See section 'Generic functions and methods' in the 'Writing R
Extensions' manual.
Found the following apparent S3 methods exported but not registered:
count.disk.frame tally.disk.frame
See section 'Registering S3 methods' in the 'Writing R Extensions'
manual.
Flavors: r-devel-linux-x86_64-debian-clang, r-devel-linux-x86_64-debian-gcc, r-devel-linux-x86_64-fedora-clang, r-devel-linux-x86_64-fedora-gcc, r-patched-linux-x86_64, r-patched-solaris-x86, r-release-linux-x86_64, r-oldrel-windows-ix86+x86_64
Version: 0.3.7
Check: Rd \usage sections
Result: NOTE
S3 methods shown with full name in documentation object 'select.disk.frame':
'tally.disk.frame' 'count.disk.frame'
The \usage entries for S3 methods should use the \method markup and not
their full name.
See chapter 'Writing R documentation files' in the 'Writing R
Extensions' manual.
Flavors: r-devel-linux-x86_64-debian-clang, r-devel-linux-x86_64-debian-gcc, r-devel-linux-x86_64-fedora-clang, r-devel-linux-x86_64-fedora-gcc, r-patched-linux-x86_64, r-patched-solaris-x86, r-release-linux-x86_64, r-oldrel-windows-ix86+x86_64