Last updated on 2021-01-18 07:48:20 CET.
Flavor | Version | Tinstall | Tcheck | Ttotal | Status | Flags |
---|---|---|---|---|---|---|
r-devel-linux-x86_64-debian-clang | 2.3-0 | 16.71 | 137.50 | 154.21 | OK | |
r-devel-linux-x86_64-debian-gcc | 2.3-0 | 12.35 | 102.85 | 115.20 | OK | |
r-devel-linux-x86_64-fedora-clang | 2.3-0 | 194.80 | OK | |||
r-devel-linux-x86_64-fedora-gcc | 2.3-0 | 180.76 | OK | |||
r-devel-windows-ix86+x86_64 | 2.3-0 | 28.00 | 142.00 | 170.00 | OK | |
r-patched-linux-x86_64 | 2.3-0 | 10.25 | 124.42 | 134.67 | OK | |
r-patched-solaris-x86 | 2.3-0 | 250.30 | NOTE | |||
r-release-linux-x86_64 | 2.3-0 | 10.26 | 124.88 | 135.14 | OK | |
r-release-macos-x86_64 | 2.3-0 | NOTE | ||||
r-release-windows-ix86+x86_64 | 2.3-0 | 33.00 | 141.00 | 174.00 | OK | |
r-oldrel-macos-x86_64 | 2.3-0 | NOTE | ||||
r-oldrel-windows-ix86+x86_64 | 2.3-0 | 35.00 | 157.00 | 192.00 | OK |
Version: 2.3-0
Check: package dependencies
Result: NOTE
Package suggested but not available for checking: ‘BRugs’
Flavors: r-patched-solaris-x86, r-release-macos-x86_64, r-oldrel-macos-x86_64