CRAN Package Check Results for Package cppRouting

Last updated on 2021-03-03 08:48:32 CET.

Flavor Version Tinstall Tcheck Ttotal Status Flags
r-devel-linux-x86_64-debian-clang 2.0 OK
r-devel-linux-x86_64-debian-gcc 2.0 167.49 26.57 194.06 OK
r-devel-linux-x86_64-fedora-clang 2.0 487.96 NOTE
r-devel-linux-x86_64-fedora-gcc 2.0 378.29 NOTE
r-devel-windows-ix86+x86_64 2.0 600.00 83.00 683.00 OK
r-patched-linux-x86_64 2.0 199.11 32.15 231.26 OK
r-patched-solaris-x86 2.0 331.70 NOTE
r-release-linux-x86_64 2.0 203.27 32.11 235.38 OK
r-release-macos-x86_64 2.0 NOTE
r-release-windows-ix86+x86_64 2.0 608.00 69.00 677.00 OK
r-oldrel-macos-x86_64 2.0 NOTE
r-oldrel-windows-ix86+x86_64 2.0 468.00 76.00 544.00 OK

Check Details

Version: 2.0
Check: installed package size
Result: NOTE
     installed size is 10.8Mb
     sub-directories of 1Mb or more:
     libs 10.6Mb
Flavors: r-devel-linux-x86_64-fedora-clang, r-release-macos-x86_64, r-oldrel-macos-x86_64

Version: 2.0
Check: dependencies in R code
Result: NOTE
    Namespace in Imports field not imported from: ‘RcppProgress’
     All declared Imports should be used.
Flavors: r-devel-linux-x86_64-fedora-clang, r-devel-linux-x86_64-fedora-gcc, r-patched-solaris-x86, r-release-macos-x86_64, r-oldrel-macos-x86_64