Last updated on 2021-04-16 07:47:56 CEST.
Flavor | Version | Tinstall | Tcheck | Ttotal | Status | Flags |
---|---|---|---|---|---|---|
r-devel-linux-x86_64-debian-clang | 0.1.0 | 2.15 | 27.68 | 29.83 | NOTE | |
r-devel-linux-x86_64-debian-gcc | 0.1.0 | 1.85 | 21.13 | 22.98 | NOTE | |
r-devel-linux-x86_64-fedora-clang | 0.1.0 | 45.78 | NOTE | |||
r-devel-linux-x86_64-fedora-gcc | 0.1.0 | 35.36 | NOTE | |||
r-devel-windows-ix86+x86_64 | 0.1.0 | 6.00 | 45.00 | 51.00 | NOTE | |
r-devel-windows-x86_64-gcc10-UCRT | 0.1.0 | NOTE | ||||
r-patched-linux-x86_64 | 0.1.0 | 2.31 | 26.25 | 28.56 | OK | |
r-patched-solaris-x86 | 0.1.0 | 62.40 | NOTE | |||
r-release-linux-x86_64 | 0.1.0 | 2.45 | 26.21 | 28.66 | OK | |
r-release-macos-x86_64 | 0.1.0 | NOTE | ||||
r-release-windows-ix86+x86_64 | 0.1.0 | 5.00 | 47.00 | 52.00 | OK | |
r-oldrel-macos-x86_64 | 0.1.0 | NOTE | ||||
r-oldrel-windows-ix86+x86_64 | 0.1.0 | 3.00 | 43.00 | 46.00 | OK |
Version: 0.1.0
Check: LazyData
Result: NOTE
'LazyData' is specified without a 'data' directory
Flavors: r-devel-linux-x86_64-debian-clang, r-devel-linux-x86_64-debian-gcc, r-devel-linux-x86_64-fedora-clang, r-devel-linux-x86_64-fedora-gcc, r-devel-windows-ix86+x86_64, r-devel-windows-x86_64-gcc10-UCRT
Version: 0.1.0
Check: dependencies in R code
Result: NOTE
Namespaces in Imports field not imported from:
‘MASS’ ‘Rcpp’ ‘gsl’
All declared Imports should be used.
Flavors: r-devel-linux-x86_64-fedora-clang, r-devel-linux-x86_64-fedora-gcc, r-devel-windows-x86_64-gcc10-UCRT, r-patched-solaris-x86, r-release-macos-x86_64, r-oldrel-macos-x86_64