Last updated on 2021-01-18 07:48:19 CET.
Flavor | Version | Tinstall | Tcheck | Ttotal | Status | Flags |
---|---|---|---|---|---|---|
r-devel-linux-x86_64-debian-clang | 0.1.0 | 5.90 | 66.32 | 72.22 | OK | |
r-devel-linux-x86_64-debian-gcc | 0.1.0 | 4.88 | 52.08 | 56.96 | OK | |
r-devel-linux-x86_64-fedora-clang | 0.1.0 | 97.18 | NOTE | |||
r-devel-linux-x86_64-fedora-gcc | 0.1.0 | 86.78 | NOTE | |||
r-devel-windows-ix86+x86_64 | 0.1.0 | 10.00 | 71.00 | 81.00 | OK | |
r-patched-linux-x86_64 | 0.1.0 | 5.68 | 62.45 | 68.13 | OK | |
r-patched-solaris-x86 | 0.1.0 | 120.10 | NOTE | |||
r-release-linux-x86_64 | 0.1.0 | 5.30 | 63.13 | 68.43 | OK | |
r-release-macos-x86_64 | 0.1.0 | NOTE | ||||
r-release-windows-ix86+x86_64 | 0.1.0 | 12.00 | 69.00 | 81.00 | OK | |
r-oldrel-macos-x86_64 | 0.1.0 | NOTE | ||||
r-oldrel-windows-ix86+x86_64 | 0.1.0 | 10.00 | 79.00 | 89.00 | OK |
Version: 0.1.0
Check: data for non-ASCII characters
Result: NOTE
Note: found 1 marked UTF-8 string
Flavors: r-devel-linux-x86_64-fedora-clang, r-devel-linux-x86_64-fedora-gcc, r-patched-solaris-x86, r-release-macos-x86_64, r-oldrel-macos-x86_64