CRAN Package Check Results for Package clustermq

Last updated on 2021-01-18 07:48:18 CET.

Flavor Version Tinstall Tcheck Ttotal Status Flags
r-devel-linux-x86_64-debian-clang 0.8.95.1 42.57 60.41 102.98 OK
r-devel-linux-x86_64-debian-gcc 0.8.95.1 30.81 49.12 79.93 OK
r-devel-linux-x86_64-fedora-clang 0.8.95.1 149.83 NOTE
r-devel-linux-x86_64-fedora-gcc 0.8.95.1 130.61 NOTE
r-devel-windows-ix86+x86_64 0.8.95.1 83.00 98.00 181.00 OK
r-patched-linux-x86_64 0.8.95.1 34.91 58.49 93.40 OK
r-patched-solaris-x86 0.8.95.1 150.20 NOTE
r-release-linux-x86_64 0.8.95.1 33.09 57.87 90.96 OK
r-release-macos-x86_64 0.8.95.1 NOTE
r-release-windows-ix86+x86_64 0.8.95.1 85.00 93.00 178.00 OK
r-oldrel-macos-x86_64 0.8.95.1 NOTE
r-oldrel-windows-ix86+x86_64 0.8.95.1 93.00 82.00 175.00 OK

Check Details

Version: 0.8.95.1
Check: top-level files
Result: NOTE
    ‘configure’: ‘env bash’ is not portable as bash need not be installed
Flavors: r-devel-linux-x86_64-fedora-clang, r-devel-linux-x86_64-fedora-gcc

Version: 0.8.95.1
Check: dependencies in R code
Result: NOTE
    Namespaces in Imports field not imported from:
     ‘R6’ ‘methods’ ‘purrr’
     All declared Imports should be used.
Flavors: r-devel-linux-x86_64-fedora-clang, r-devel-linux-x86_64-fedora-gcc, r-patched-solaris-x86, r-release-macos-x86_64, r-oldrel-macos-x86_64

Version: 0.8.95.1
Check: installed package size
Result: NOTE
     installed size is 13.8Mb
     sub-directories of 1Mb or more:
     libs 12.8Mb
Flavor: r-release-macos-x86_64