CRAN Package Check Results for Package clustDRM

Last updated on 2021-04-16 07:47:55 CEST.

Flavor Version Tinstall Tcheck Ttotal Status Flags
r-devel-linux-x86_64-debian-clang 0.1-0 0.54 2.36 2.90 ERROR
r-devel-linux-x86_64-debian-gcc 0.1-0 0.37 1.98 2.35 ERROR
r-devel-linux-x86_64-fedora-clang 0.1-0 12.39 ERROR
r-devel-linux-x86_64-fedora-gcc 0.1-0 2.69 ERROR
r-devel-windows-ix86+x86_64 0.1-0 50.00 194.00 244.00 OK
r-devel-windows-x86_64-gcc10-UCRT 0.1-0 ERROR
r-patched-linux-x86_64 0.1-0 24.86 172.32 197.18 OK
r-patched-solaris-x86 0.1-0 371.90 NOTE
r-release-linux-x86_64 0.1-0 25.37 170.49 195.86 OK
r-release-macos-x86_64 0.1-0 ERROR
r-release-windows-ix86+x86_64 0.1-0 52.00 166.00 218.00 OK
r-oldrel-macos-x86_64 0.1-0 ERROR
r-oldrel-windows-ix86+x86_64 0.1-0 32.00 184.00 216.00 OK

Check Details

Version: 0.1-0
Check: package dependencies
Result: ERROR
    Package required but not available: 'IsoGene'
    
    See section 'The DESCRIPTION file' in the 'Writing R Extensions'
    manual.
Flavors: r-devel-linux-x86_64-debian-clang, r-devel-linux-x86_64-debian-gcc, r-devel-linux-x86_64-fedora-clang, r-devel-linux-x86_64-fedora-gcc, r-devel-windows-x86_64-gcc10-UCRT, r-release-macos-x86_64, r-oldrel-macos-x86_64

Version: 0.1-0
Check: dependencies in R code
Result: NOTE
    Namespace in Imports field not imported from: ‘DT’
     All declared Imports should be used.
Flavor: r-patched-solaris-x86