Last updated on 2021-01-15 07:50:38 CET.
Flavor | Version | Tinstall | Tcheck | Ttotal | Status | Flags |
---|---|---|---|---|---|---|
r-devel-linux-x86_64-debian-clang | 1.0.3 | 1.94 | 21.54 | 23.48 | NOTE | |
r-devel-linux-x86_64-debian-gcc | 1.0.3 | 1.52 | 16.83 | 18.35 | NOTE | |
r-devel-linux-x86_64-fedora-clang | 1.0.3 | 38.64 | NOTE | |||
r-devel-linux-x86_64-fedora-gcc | 1.0.3 | 28.40 | NOTE | |||
r-devel-windows-ix86+x86_64 | 1.0.3 | 4.00 | 32.00 | 36.00 | OK | |
r-patched-linux-x86_64 | 1.0.3 | 1.99 | 20.68 | 22.67 | NOTE | |
r-patched-solaris-x86 | 1.0.3 | 43.80 | OK | |||
r-release-linux-x86_64 | 1.0.3 | 2.07 | 20.79 | 22.86 | NOTE | |
r-release-macos-x86_64 | 1.0.3 | OK | ||||
r-release-windows-ix86+x86_64 | 1.0.3 | 4.00 | 27.00 | 31.00 | OK | |
r-oldrel-macos-x86_64 | 1.0.3 | OK | ||||
r-oldrel-windows-ix86+x86_64 | 1.0.3 | 5.00 | 48.00 | 53.00 | OK |
Version: 1.0.3
Check: Rd line widths
Result: NOTE
Rd file 'beq.lin.Rd':
\examples lines wider than 100 characters:
plot(x,h_sol0,type="l",lty=1,main=paste("Water Surface Elevetion after",t,"days",sep=" "),xlab="x[m]",ylab="h[m]")
Rd file 'beq.song.Rd':
\examples lines wider than 100 characters:
plot(x,h_sol1,type="l",lty=1,main="Water Surface Elevetion (Song at's solution) ",xlab="x[m]",ylab="h[m]")
These lines will be truncated in the PDF manual.
Flavors: r-devel-linux-x86_64-debian-clang, r-devel-linux-x86_64-debian-gcc, r-devel-linux-x86_64-fedora-clang, r-devel-linux-x86_64-fedora-gcc, r-patched-linux-x86_64, r-release-linux-x86_64