Last updated on 2021-01-25 08:48:37 CET.
Flavor | Version | Tinstall | Tcheck | Ttotal | Status | Flags |
---|---|---|---|---|---|---|
r-devel-linux-x86_64-debian-clang | 0.7.3 | 23.82 | 240.75 | 264.57 | OK | |
r-devel-linux-x86_64-debian-gcc | 0.7.3 | 20.81 | 175.25 | 196.06 | OK | |
r-devel-linux-x86_64-fedora-clang | 0.7.3 | 320.78 | OK | |||
r-devel-linux-x86_64-fedora-gcc | 0.7.3 | 322.53 | OK | |||
r-devel-windows-ix86+x86_64 | 0.7.3 | 59.00 | 262.00 | 321.00 | OK | |
r-patched-linux-x86_64 | 0.7.3 | 24.18 | 225.07 | 249.25 | OK | |
r-patched-solaris-x86 | 0.7.3 | 5.60 | ERROR | |||
r-release-linux-x86_64 | 0.7.3 | 23.71 | 224.44 | 248.15 | OK | |
r-release-macos-x86_64 | 0.7.3 | OK | ||||
r-release-windows-ix86+x86_64 | 0.7.3 | 61.00 | 203.00 | 264.00 | OK | |
r-oldrel-macos-x86_64 | 0.7.3 | OK | ||||
r-oldrel-windows-ix86+x86_64 | 0.7.3 | 44.00 | 206.00 | 250.00 | OK |
Version: 0.7.3
Check: package dependencies
Result: ERROR
Package required but not available: ‘terra’
See section ‘The DESCRIPTION file’ in the ‘Writing R Extensions’
manual.
Flavor: r-patched-solaris-x86