Last updated on 2021-01-20 07:49:05 CET.
Flavor | Version | Tinstall | Tcheck | Ttotal | Status | Flags |
---|---|---|---|---|---|---|
r-devel-linux-x86_64-debian-clang | 1.3.1 | 240.49 | 253.45 | 493.94 | OK | |
r-devel-linux-x86_64-debian-gcc | 1.3.1 | 157.61 | 185.74 | 343.35 | OK | |
r-devel-linux-x86_64-fedora-clang | 1.3.1 | 655.49 | NOTE | |||
r-devel-linux-x86_64-fedora-gcc | 1.3.1 | 583.42 | OK | |||
r-devel-windows-ix86+x86_64 | 1.3.1 | 437.00 | 529.00 | 966.00 | WARN | |
r-patched-linux-x86_64 | 1.3.1 | 181.71 | 232.89 | 414.60 | OK | |
r-patched-solaris-x86 | 1.3.1 | 727.30 | OK | |||
r-release-linux-x86_64 | 1.3.1 | 183.23 | 231.23 | 414.46 | OK | |
r-release-macos-x86_64 | 1.3.1 | NOTE | ||||
r-release-windows-ix86+x86_64 | 1.3.1 | 493.00 | 515.00 | 1008.00 | NOTE | |
r-oldrel-macos-x86_64 | 1.3.1 | NOTE | ||||
r-oldrel-windows-ix86+x86_64 | 1.3.1 | 409.00 | 435.00 | 844.00 | NOTE |
Version: 1.3.1
Check: installed package size
Result: NOTE
installed size is 14.8Mb
sub-directories of 1Mb or more:
extdata 2.3Mb
libs 11.8Mb
Flavors: r-devel-linux-x86_64-fedora-clang, r-devel-windows-ix86+x86_64, r-release-macos-x86_64, r-release-windows-ix86+x86_64, r-oldrel-macos-x86_64, r-oldrel-windows-ix86+x86_64
Version: 1.3.1
Check: whether the package can be unloaded cleanly
Result: WARN
Error: package or namespace load failed for 'bigstatsr' in loadNamespace(j <- i[[1L]], c(lib.loc, .libPaths()), versionCheck = vI[[j]]):
there is no package called 'Rcpp'
Execution halted
Flavor: r-devel-windows-ix86+x86_64