CRAN Package Check Results for Package biglm

Last updated on 2021-01-21 07:52:47 CET.

Flavor Version Tinstall Tcheck Ttotal Status Flags
r-devel-linux-x86_64-debian-clang 0.9-2.1 4.09 30.10 34.19 NOTE
r-devel-linux-x86_64-debian-gcc 0.9-2.1 2.87 24.00 26.87 NOTE
r-devel-linux-x86_64-fedora-clang 0.9-2.1 50.83 NOTE
r-devel-linux-x86_64-fedora-gcc 0.9-2.1 41.19 NOTE
r-devel-windows-ix86+x86_64 0.9-2.1 8.00 47.00 55.00 OK
r-patched-linux-x86_64 0.9-2.1 3.25 28.60 31.85 NOTE
r-patched-solaris-x86 0.9-2.1 59.70 OK
r-release-linux-x86_64 0.9-2.1 3.43 29.33 32.76 NOTE
r-release-macos-x86_64 0.9-2.1 OK
r-release-windows-ix86+x86_64 0.9-2.1 9.00 57.00 66.00 OK
r-oldrel-macos-x86_64 0.9-2.1 OK
r-oldrel-windows-ix86+x86_64 0.9-2.1 6.00 38.00 44.00 OK

Check Details

Version: 0.9-2.1
Check: R code for possible problems
Result: NOTE
    Found the following calls to data() loading into the global environment:
    File 'biglm/R/bigglm.R':
     data(reset = TRUE)
     data(reset = FALSE)
    See section 'Good practice' in '?data'.
Flavors: r-devel-linux-x86_64-debian-clang, r-devel-linux-x86_64-debian-gcc, r-devel-linux-x86_64-fedora-clang, r-patched-linux-x86_64, r-release-linux-x86_64

Version: 0.9-2.1
Check: compiled code
Result: NOTE
    File ‘biglm/libs/biglm.so’:
     Found no calls to: ‘R_registerRoutines’, ‘R_useDynamicSymbols’
    
    It is good practice to register native routines and to disable symbol
    search.
    
    See ‘Writing portable packages’ in the ‘Writing R Extensions’ manual.
Flavors: r-devel-linux-x86_64-fedora-clang, r-devel-linux-x86_64-fedora-gcc