Last updated on 2021-01-18 07:48:17 CET.
Flavor | Version | Tinstall | Tcheck | Ttotal | Status | Flags |
---|---|---|---|---|---|---|
r-devel-linux-x86_64-debian-clang | 1.19.1 | 10.26 | 95.90 | 106.16 | OK | |
r-devel-linux-x86_64-debian-gcc | 1.19.1 | 8.48 | 73.10 | 81.58 | OK | |
r-devel-linux-x86_64-fedora-clang | 1.19.1 | 137.44 | NOTE | |||
r-devel-linux-x86_64-fedora-gcc | 1.19.1 | 127.51 | OK | |||
r-devel-windows-ix86+x86_64 | 1.19.1 | 14.00 | 105.00 | 119.00 | OK | |
r-patched-linux-x86_64 | 1.19.1 | 9.87 | 92.66 | 102.53 | OK | |
r-patched-solaris-x86 | 1.19.1 | 160.70 | OK | |||
r-release-linux-x86_64 | 1.19.1 | 10.63 | 92.37 | 103.00 | OK | |
r-release-macos-x86_64 | 1.19.1 | OK | ||||
r-release-windows-ix86+x86_64 | 1.19.1 | 18.00 | 98.00 | 116.00 | OK | |
r-oldrel-macos-x86_64 | 1.19.1 | OK | ||||
r-oldrel-windows-ix86+x86_64 | 1.19.1 | 16.00 | 95.00 | 111.00 | OK |
Version: 1.19.1
Check: Rd cross-references
Result: NOTE
Undeclared packages ‘spatstat’, ‘zoo’, ‘TeachingDemos’, ‘ade4’ in Rd xrefs
Flavor: r-devel-linux-x86_64-fedora-clang