CRAN Package Check Results for Package baseflow

Last updated on 2021-01-16 07:49:10 CET.

Flavor Version Tinstall Tcheck Ttotal Status Flags
r-devel-linux-x86_64-debian-clang 0.12.2 69.68 37.57 107.25 NOTE
r-devel-linux-x86_64-debian-gcc 0.12.2 54.14 29.75 83.89 NOTE
r-devel-linux-x86_64-fedora-clang 0.12.3 161.63 NOTE
r-devel-linux-x86_64-fedora-gcc 0.12.3 156.13 NOTE
r-devel-windows-ix86+x86_64 0.12.2 17.00 90.00 107.00 NOTE
r-patched-linux-x86_64 0.12.2 70.94 36.57 107.51 NOTE
r-release-linux-x86_64 0.12.2 72.27 36.38 108.65 NOTE
r-release-macos-x86_64 0.12.2 NOTE
r-release-windows-ix86+x86_64 0.12.2 20.00 84.00 104.00 NOTE
r-oldrel-macos-x86_64 0.12.2 NOTE
r-oldrel-windows-ix86+x86_64 0.12.3 14.00 80.00 94.00 NOTE

Additional issues

M1mac M1mac

Check Details

Version: 0.12.2
Check: for GNU extensions in Makefiles
Result: NOTE
    GNU make is a SystemRequirements.
Flavors: r-devel-linux-x86_64-debian-clang, r-devel-linux-x86_64-debian-gcc, r-devel-windows-ix86+x86_64, r-patched-linux-x86_64, r-release-linux-x86_64, r-release-macos-x86_64, r-release-windows-ix86+x86_64, r-oldrel-macos-x86_64

Version: 0.12.3
Check: for GNU extensions in Makefiles
Result: NOTE
    GNU make is a SystemRequirements.
Flavors: r-devel-linux-x86_64-fedora-clang, r-devel-linux-x86_64-fedora-gcc, r-oldrel-windows-ix86+x86_64