CRAN Package Check Results for Package aws.s3

Last updated on 2021-04-22 07:47:58 CEST.

Flavor Version Tinstall Tcheck Ttotal Status Flags
r-devel-linux-x86_64-debian-clang 0.3.21 3.92 41.77 45.69 OK
r-devel-linux-x86_64-debian-gcc 0.3.21 2.79 31.83 34.62 OK
r-devel-linux-x86_64-fedora-clang 0.3.21 63.66 OK
r-devel-linux-x86_64-fedora-gcc 0.3.21 53.12 OK
r-devel-windows-ix86+x86_64 0.3.21 12.00 79.00 91.00 OK
r-devel-windows-x86_64-gcc10-UCRT 0.3.21 OK
r-patched-linux-x86_64 0.3.21 4.54 39.17 43.71 WARN
r-patched-solaris-x86 0.3.21 81.60 OK
r-release-linux-x86_64 0.3.21 3.35 39.93 43.28 OK
r-release-macos-x86_64 0.3.21 OK
r-release-windows-ix86+x86_64 0.3.21 12.00 66.00 78.00 OK
r-oldrel-macos-x86_64 0.3.21 OK
r-oldrel-windows-ix86+x86_64 0.3.21 17.00 81.00 98.00 OK

Check Details

Version: 0.3.21
Check: whether package can be installed
Result: WARN
    Found the following significant warnings:
     Rd warning: /tmp/RtmptDxHgS/R.INSTALL7a0179ebf49/aws.s3/man/get_object.Rd:69: file link ‘connection’ in package ‘base’ does not exist and so has been treated as a topic
     Rd warning: /tmp/RtmptDxHgS/R.INSTALL7a0179ebf49/aws.s3/man/get_object.Rd:73: file link ‘charToRaw’ in package ‘base’ does not exist and so has been treated as a topic
     Rd warning: /tmp/RtmptDxHgS/R.INSTALL7a0179ebf49/aws.s3/man/s3saveRDS.Rd:19: file link ‘saveRDS’ in package ‘base’ does not exist and so has been treated as a topic
     Rd warning: /tmp/RtmptDxHgS/R.INSTALL7a0179ebf49/aws.s3/man/s3saveRDS.Rd:25: file link ‘saveRDS’ in package ‘base’ does not exist and so has been treated as a topic
Flavor: r-patched-linux-x86_64