Last updated on 2021-02-25 07:49:39 CET.
Flavor | Version | Tinstall | Tcheck | Ttotal | Status | Flags |
---|---|---|---|---|---|---|
r-devel-linux-x86_64-debian-clang | 3.0.0 | 1549.73 | 103.72 | 1653.45 | OK | |
r-devel-linux-x86_64-debian-gcc | 3.0.0 | 1016.05 | 77.75 | 1093.80 | OK | |
r-devel-linux-x86_64-fedora-clang | 3.0.0 | 2502.09 | NOTE | |||
r-devel-linux-x86_64-fedora-gcc | 3.0.0 | 1953.51 | OK | |||
r-devel-windows-ix86+x86_64 | 3.0.0 | 388.00 | 246.00 | 634.00 | NOTE | |
r-patched-linux-x86_64 | 3.0.0 | 1188.38 | 99.42 | 1287.80 | OK | |
r-patched-solaris-x86 | 3.0.0 | 268.20 | OK | |||
r-release-linux-x86_64 | 3.0.0 | 1187.77 | 99.52 | 1287.29 | OK | |
r-release-macos-x86_64 | 3.0.0 | NOTE | ||||
r-release-windows-ix86+x86_64 | 3.0.0 | 514.00 | 315.00 | 829.00 | NOTE | |
r-oldrel-macos-x86_64 | 3.0.0 | NOTE | ||||
r-oldrel-windows-ix86+x86_64 | 3.0.0 | 407.00 | 294.00 | 701.00 | NOTE |
Version: 3.0.0
Check: installed package size
Result: NOTE
installed size is 39.2Mb
sub-directories of 1Mb or more:
R 3.4Mb
libs 35.3Mb
Flavors: r-devel-linux-x86_64-fedora-clang, r-devel-windows-ix86+x86_64, r-release-macos-x86_64, r-release-windows-ix86+x86_64, r-oldrel-macos-x86_64, r-oldrel-windows-ix86+x86_64