CRAN Package Check Results for Package aprof

Last updated on 2021-01-15 07:50:37 CET.

Flavor Version Tinstall Tcheck Ttotal Status Flags
r-devel-linux-x86_64-debian-clang 0.4.1 2.14 22.51 24.65 OK
r-devel-linux-x86_64-debian-gcc 0.4.1 1.91 17.77 19.68 OK
r-devel-linux-x86_64-fedora-clang 0.4.1 40.58 NOTE
r-devel-linux-x86_64-fedora-gcc 0.4.1 30.06 NOTE
r-devel-windows-ix86+x86_64 0.4.1 7.00 33.00 40.00 OK
r-patched-linux-x86_64 0.4.1 2.57 21.77 24.34 OK
r-patched-solaris-x86 0.4.1 45.20 NOTE
r-release-linux-x86_64 0.4.1 2.52 21.93 24.45 OK
r-release-macos-x86_64 0.4.1 NOTE
r-release-windows-ix86+x86_64 0.4.1 5.00 28.00 33.00 OK
r-oldrel-macos-x86_64 0.4.1 NOTE
r-oldrel-windows-ix86+x86_64 0.4.1 4.00 27.00 31.00 OK

Check Details

Version: 0.4.1
Check: dependencies in R code
Result: NOTE
    Namespace in Imports field not imported from: ‘testthat’
     All declared Imports should be used.
Flavors: r-devel-linux-x86_64-fedora-clang, r-devel-linux-x86_64-fedora-gcc, r-patched-solaris-x86, r-release-macos-x86_64, r-oldrel-macos-x86_64