Last updated on 2021-04-16 07:47:52 CEST.
Flavor | Version | Tinstall | Tcheck | Ttotal | Status | Flags |
---|---|---|---|---|---|---|
r-devel-linux-x86_64-debian-clang | 1.1.0 | 13.41 | 134.12 | 147.53 | OK | |
r-devel-linux-x86_64-debian-gcc | 1.1.0 | 11.32 | 97.93 | 109.25 | OK | |
r-devel-linux-x86_64-fedora-clang | 1.1.0 | 191.48 | NOTE | |||
r-devel-linux-x86_64-fedora-gcc | 1.1.0 | 177.09 | NOTE | |||
r-devel-windows-ix86+x86_64 | 1.1.0 | 33.00 | 168.00 | 201.00 | OK | |
r-devel-windows-x86_64-gcc10-UCRT | 1.1.0 | NOTE | ||||
r-patched-linux-x86_64 | 1.1.0 | 13.51 | 123.28 | 136.79 | OK | |
r-patched-solaris-x86 | 1.1.0 | 242.80 | WARN | |||
r-release-linux-x86_64 | 1.1.0 | 12.13 | 122.91 | 135.04 | OK | |
r-release-macos-x86_64 | 1.1.0 | WARN | ||||
r-release-windows-ix86+x86_64 | 1.1.0 | 34.00 | 177.00 | 211.00 | OK | |
r-oldrel-macos-x86_64 | 1.1.0 | WARN | ||||
r-oldrel-windows-ix86+x86_64 | 1.1.0 | 21.00 | 153.00 | 174.00 | OK |
Version: 1.1.0
Check: dependencies in R code
Result: NOTE
Namespaces in Imports field not imported from:
‘DT’ ‘shinydashboard’
All declared Imports should be used.
Flavors: r-devel-linux-x86_64-fedora-clang, r-devel-linux-x86_64-fedora-gcc, r-devel-windows-x86_64-gcc10-UCRT, r-patched-solaris-x86, r-release-macos-x86_64, r-oldrel-macos-x86_64
Version: 1.1.0
Check: re-building of vignette outputs
Result: WARN
Error(s) in re-building vignettes:
...
--- re-building ‘aaSEA_Documentation.Rmd’ using rmarkdown
Warning in engine$weave(file, quiet = quiet, encoding = enc) :
Pandoc (>= 1.12.3) not available. Falling back to R Markdown v1.
Quitting from lines 90-91 (aaSEA_Documentation.Rmd)
Error: processing vignette 'aaSEA_Documentation.Rmd' failed with diagnostics:
subscript out of bounds
--- failed re-building ‘aaSEA_Documentation.Rmd’
SUMMARY: processing the following file failed:
‘aaSEA_Documentation.Rmd’
Error: Vignette re-building failed.
Execution halted
Flavor: r-patched-solaris-x86
Version: 1.1.0
Check: re-building of vignette outputs
Result: WARN
Error(s) in re-building vignettes:
--- re-building ‘aaSEA_Documentation.Rmd’ using rmarkdown
Warning in engine$weave(file, quiet = quiet, encoding = enc) :
Pandoc (>= 1.12.3) and/or pandoc-citeproc not available. Falling back to R Markdown v1.
Warning: `arrange_()` is deprecated as of dplyr 0.7.0.
Please use `arrange()` instead.
See vignette('programming') for more help
This warning is displayed once every 8 hours.
Call `lifecycle::last_warnings()` to see where this warning was generated.
Warning in RColorBrewer::brewer.pal(N, "Set2") :
n too large, allowed maximum for palette Set2 is 8
Returning the palette you asked for with that many colors
Warning in RColorBrewer::brewer.pal(N, "Set2") :
n too large, allowed maximum for palette Set2 is 8
Returning the palette you asked for with that many colors
Warning in normalizePath(f2) :
path[1]="webshot3bda29207e18.png": No such file or directory
Warning in file(con, "rb") :
cannot open file 'webshot3bda29207e18.png': No such file or directory
Quitting from lines 90-91 (aaSEA_Documentation.Rmd)
Error: processing vignette 'aaSEA_Documentation.Rmd' failed with diagnostics:
cannot open the connection
--- failed re-building ‘aaSEA_Documentation.Rmd’
SUMMARY: processing the following file failed:
‘aaSEA_Documentation.Rmd’
Error: Vignette re-building failed.
Execution halted
Flavor: r-release-macos-x86_64
Version: 1.1.0
Check: re-building of vignette outputs
Result: WARN
Error(s) in re-building vignettes:
--- re-building ‘aaSEA_Documentation.Rmd’ using rmarkdown
Warning in engine$weave(file, quiet = quiet, encoding = enc) :
Pandoc (>= 1.12.3) and/or pandoc-citeproc not available. Falling back to R Markdown v1.
Warning in RColorBrewer::brewer.pal(N, "Set2") :
n too large, allowed maximum for palette Set2 is 8
Returning the palette you asked for with that many colors
Warning in RColorBrewer::brewer.pal(N, "Set2") :
n too large, allowed maximum for palette Set2 is 8
Returning the palette you asked for with that many colors
Warning in normalizePath(f2) :
path[1]="webshot3f472895632b.png": No such file or directory
Warning in file(con, "rb") :
cannot open file 'webshot3f472895632b.png': No such file or directory
Quitting from lines 90-91 (aaSEA_Documentation.Rmd)
Error: processing vignette 'aaSEA_Documentation.Rmd' failed with diagnostics:
cannot open the connection
--- failed re-building ‘aaSEA_Documentation.Rmd’
SUMMARY: processing the following file failed:
‘aaSEA_Documentation.Rmd’
Error: Vignette re-building failed.
Execution halted
Flavor: r-oldrel-macos-x86_64