CRAN Package Check Results for Package TropFishR

Last updated on 2021-04-23 07:48:08 CEST.

Flavor Version Tinstall Tcheck Ttotal Status Flags
r-devel-linux-x86_64-debian-clang 1.6.2 18.23 132.16 150.39 OK --no-vignettes
r-devel-linux-x86_64-debian-gcc 1.6.2 14.04 98.76 112.80 OK --no-vignettes
r-devel-linux-x86_64-fedora-clang 1.6.2 875.56 NOTE
r-devel-linux-x86_64-fedora-gcc 1.6.2 868.77 NOTE
r-devel-windows-ix86+x86_64 1.6.2 36.00 171.00 207.00 OK --no-vignettes
r-devel-windows-x86_64-gcc10-UCRT 1.6.2 NOTE
r-patched-linux-x86_64 1.6.2 23.90 125.74 149.64 OK --no-vignettes
r-patched-solaris-x86 1.6.2 1538.20 NOTE
r-release-linux-x86_64 1.6.2 14.73 122.58 137.31 OK --no-vignettes
r-release-macos-x86_64 1.6.2 NOTE
r-release-windows-ix86+x86_64 1.6.2 32.00 160.00 192.00 OK --no-vignettes
r-oldrel-macos-x86_64 1.6.2 NOTE
r-oldrel-windows-ix86+x86_64 1.6.2 33.00 160.00 193.00 OK --no-vignettes

Check Details

Version: 1.6.2
Check: dependencies in R code
Result: NOTE
    Namespace in Imports field not imported from: ‘Hmisc’
     All declared Imports should be used.
Flavors: r-devel-linux-x86_64-fedora-clang, r-devel-linux-x86_64-fedora-gcc, r-devel-windows-x86_64-gcc10-UCRT, r-patched-solaris-x86, r-release-macos-x86_64, r-oldrel-macos-x86_64