CRAN Package Check Results for Package TSS.RESTREND

Last updated on 2021-04-16 07:48:18 CEST.

Flavor Version Tinstall Tcheck Ttotal Status Flags
r-devel-linux-x86_64-debian-clang 0.3.1 13.79 123.00 136.79 OK
r-devel-linux-x86_64-debian-gcc 0.3.1 10.93 90.70 101.63 OK
r-devel-linux-x86_64-fedora-clang 0.3.1 171.54 NOTE
r-devel-linux-x86_64-fedora-gcc 0.3.1 160.20 OK
r-devel-windows-ix86+x86_64 0.3.1 35.00 143.00 178.00 OK
r-devel-windows-x86_64-gcc10-UCRT 0.3.1 OK
r-patched-linux-x86_64 0.3.1 13.32 111.46 124.78 OK
r-patched-solaris-x86 0.3.1 226.10 OK
r-release-linux-x86_64 0.3.1 14.37 111.89 126.26 OK
r-release-macos-x86_64 0.3.1 OK
r-release-windows-ix86+x86_64 0.3.1 34.00 150.00 184.00 OK
r-oldrel-macos-x86_64 0.3.1 OK
r-oldrel-windows-ix86+x86_64 0.3.1 20.00 136.00 156.00 OK

Check Details

Version: 0.3.1
Check: Rd cross-references
Result: NOTE
    Undeclared package ‘gimms’ in Rd xrefs
Flavor: r-devel-linux-x86_64-fedora-clang