Last updated on 2021-04-16 07:48:17 CEST.
Flavor | Version | Tinstall | Tcheck | Ttotal | Status | Flags |
---|---|---|---|---|---|---|
r-devel-linux-x86_64-debian-clang | 2.2 | 21.59 | 165.51 | 187.10 | OK | |
r-devel-linux-x86_64-debian-gcc | 2.2 | 17.76 | 124.03 | 141.79 | OK | |
r-devel-linux-x86_64-fedora-clang | 2.2 | 258.22 | OK | |||
r-devel-linux-x86_64-fedora-gcc | 2.2 | 238.28 | OK | |||
r-devel-windows-ix86+x86_64 | 2.2 | 44.00 | 186.00 | 230.00 | OK | |
r-devel-windows-x86_64-gcc10-UCRT | 2.2 | OK | ||||
r-patched-linux-x86_64 | 2.2 | 21.16 | 152.89 | 174.05 | OK | |
r-patched-solaris-x86 | 2.2 | 307.30 | OK | |||
r-release-linux-x86_64 | 2.2 | 21.81 | 152.66 | 174.47 | OK | |
r-release-macos-x86_64 | 2.2 | OK | ||||
r-release-windows-ix86+x86_64 | 2.2 | 45.00 | 181.00 | 226.00 | OK | |
r-oldrel-macos-x86_64 | 2.2 | WARN | ||||
r-oldrel-windows-ix86+x86_64 | 2.2 | 27.00 | 169.00 | 196.00 | OK |
Version: 2.2
Check: dependencies in R code
Result: NOTE
No protocol specified
No protocol specified
Flavor: r-oldrel-macos-x86_64
Version: 2.2
Check: S3 generic/method consistency
Result: WARN
No protocol specified
No protocol specified
See section ‘Generic functions and methods’ in the ‘Writing R
Extensions’ manual.
Flavor: r-oldrel-macos-x86_64
Version: 2.2
Check: replacement functions
Result: WARN
No protocol specified
No protocol specified
The argument of a replacement function which corresponds to the right
hand side must be named ‘value’.
Flavor: r-oldrel-macos-x86_64
Version: 2.2
Check: foreign function calls
Result: NOTE
No protocol specified
No protocol specified
See chapter ‘System and foreign language interfaces’ in the ‘Writing R
Extensions’ manual.
Flavor: r-oldrel-macos-x86_64
Version: 2.2
Check: R code for possible problems
Result: NOTE
No protocol specified
No protocol specified
Flavor: r-oldrel-macos-x86_64
Version: 2.2
Check: for missing documentation entries
Result: WARN
No protocol specified
No protocol specified
All user-level objects in a package should have documentation entries.
See chapter ‘Writing R documentation files’ in the ‘Writing R
Extensions’ manual.
Flavor: r-oldrel-macos-x86_64
Version: 2.2
Check: for code/documentation mismatches
Result: WARN
No protocol specified
No protocol specified
No protocol specified
No protocol specified
No protocol specified
No protocol specified
Flavor: r-oldrel-macos-x86_64
Version: 2.2
Check: Rd \usage sections
Result: NOTE
No protocol specified
No protocol specified
The \usage entries for S3 methods should use the \method markup and not
their full name.
See chapter ‘Writing R documentation files’ in the ‘Writing R
Extensions’ manual.
Flavor: r-oldrel-macos-x86_64