CRAN Package Check Results for Package Rmpi

Last updated on 2021-01-21 07:53:05 CET.

Flavor Version Tinstall Tcheck Ttotal Status Flags
r-devel-linux-x86_64-debian-clang 0.6-9 6.78 38.62 45.40 OK
r-devel-linux-x86_64-debian-gcc 0.6-9 5.73 29.98 35.71 OK
r-devel-linux-x86_64-fedora-clang 0.6-9 62.31 OK
r-devel-linux-x86_64-fedora-gcc 0.6-9 52.23 OK
r-devel-windows-ix86+x86_64 0.6-9 16.00 47.00 63.00 OK
r-patched-linux-x86_64 0.6-9 7.15 36.75 43.90 OK
r-patched-solaris-x86 0.6-9 64.80 OK
r-release-linux-x86_64 0.6-9 7.13 36.72 43.85 OK
r-release-macos-x86_64 0.6-9 ERROR
r-release-windows-ix86+x86_64 0.6-9 18.00 56.00 74.00 OK
r-oldrel-macos-x86_64 0.6-9 ERROR
r-oldrel-windows-ix86+x86_64 0.6-9 34.00 75.00 109.00 OK

Check Details

Version: 0.6-9
Check: whether package can be installed
Result: ERROR
    Installation failed.
Flavors: r-release-macos-x86_64, r-oldrel-macos-x86_64