Last updated on 2021-01-15 07:50:57 CET.
Flavor | Version | Tinstall | Tcheck | Ttotal | Status | Flags |
---|---|---|---|---|---|---|
r-devel-linux-x86_64-debian-clang | 0.19-276 | 7.42 | 22.77 | 30.19 | OK | |
r-devel-linux-x86_64-debian-gcc | 0.19-276 | 5.34 | 18.21 | 23.55 | OK | |
r-devel-windows-ix86+x86_64 | 0.19-276 | 25.00 | 34.00 | 59.00 | WARN | |
r-patched-linux-x86_64 | 0.19-276 | 6.22 | 22.33 | 28.55 | OK | |
r-release-linux-x86_64 | 0.19-276 | 6.52 | 22.27 | 28.79 | OK | |
r-release-macos-x86_64 | 0.19-276 | ERROR | ||||
r-release-windows-ix86+x86_64 | 0.19-276 | 21.00 | 41.00 | 62.00 | WARN | |
r-oldrel-macos-x86_64 | 0.19-276 | ERROR | ||||
r-oldrel-windows-ix86+x86_64 | 0.19-276 | 25.00 | 35.00 | 60.00 | OK |
Version: 0.19-276
Check: whether package can be installed
Result: WARN
Found the following significant warnings:
fakemaster.c:82:57: warning: embedded '\0' in format [-Wformat-contains-nul]
Flavors: r-devel-windows-ix86+x86_64, r-release-windows-ix86+x86_64
Version: 0.19-276
Check: whether package can be installed
Result: ERROR
Installation failed.
Flavors: r-release-macos-x86_64, r-oldrel-macos-x86_64