CRAN Package Check Results for Package Rdsm

Last updated on 2021-01-15 07:50:56 CET.

Flavor Version Tinstall Tcheck Ttotal Status Flags
r-devel-linux-x86_64-debian-clang 2.1.1 2.91 30.18 33.09 NOTE
r-devel-linux-x86_64-debian-gcc 2.1.1 2.07 23.55 25.62 NOTE
r-devel-linux-x86_64-fedora-clang 2.1.1 49.73 NOTE
r-devel-linux-x86_64-fedora-gcc 2.1.1 40.95 NOTE
r-patched-linux-x86_64 2.1.1 2.79 28.73 31.52 NOTE
r-patched-solaris-x86 2.1.1 66.20 NOTE
r-release-linux-x86_64 2.1.1 3.05 28.77 31.82 NOTE
r-release-macos-x86_64 2.1.1 NOTE
r-oldrel-macos-x86_64 2.1.1 ERROR

Check Details

Version: 2.1.1
Check: dependencies in R code
Result: NOTE
    'library' or 'require' call to 'synchronicity' in package code.
     Please use :: or requireNamespace() instead.
     See section 'Suggested packages' in the 'Writing R Extensions' manual.
Flavors: r-devel-linux-x86_64-debian-clang, r-devel-linux-x86_64-debian-gcc, r-devel-linux-x86_64-fedora-clang, r-devel-linux-x86_64-fedora-gcc, r-patched-linux-x86_64, r-patched-solaris-x86, r-release-linux-x86_64, r-release-macos-x86_64, r-oldrel-macos-x86_64

Version: 2.1.1
Check: for non-standard things in the check directory
Result: NOTE
    Found the following files/directories:
     'a.desc' 'b.desc' 'barrnumleft.desc' 'barrsense.desc' 'c.desc'
     'm.desc' 'u.desc' 'x' 'x.desc'
Flavors: r-devel-linux-x86_64-debian-clang, r-devel-linux-x86_64-debian-gcc, r-devel-linux-x86_64-fedora-clang, r-devel-linux-x86_64-fedora-gcc, r-patched-linux-x86_64, r-patched-solaris-x86, r-release-linux-x86_64

Version: 2.1.1
Check: examples
Result: ERROR
    Running examples in ‘Rdsm-Ex.R’ failed
    The error most likely occurred in:
    
    > ### Name: readsync
    > ### Title: Syncing file-backed variables.
    > ### Aliases: readsync writesync
    >
    > ### ** Examples
    >
    > library(parallel)
    > c2 <- makeCluster(2)
    > mgrinit(c2)
    Warning in for (v in val) { :
     closing unused connection 6 (<-localhost:11715)
    Warning in for (v in val) { :
     closing unused connection 5 (<-localhost:11715)
    [[1]]
    [1] 0
    
    [[2]]
    [1] 0
    
    > mgrmakevar(c2,"x",1,1,fs=TRUE)
    Error in bigmemory::filebacked.big.matrix(nrow = nr, ncol = nc, type = vartype, :
     Backing file already exists! Either remove or specify
     different backing file
    Calls: mgrmakevar -> <Anonymous>
    Execution halted
Flavor: r-oldrel-macos-x86_64