Last updated on 2021-01-18 07:48:35 CET.
Flavor | Version | Tinstall | Tcheck | Ttotal | Status | Flags |
---|---|---|---|---|---|---|
r-devel-linux-x86_64-debian-clang | 0.2-3 | 197.76 | 35.45 | 233.21 | OK | |
r-devel-linux-x86_64-debian-gcc | 0.2-3 | 122.11 | 28.27 | 150.38 | OK | |
r-devel-linux-x86_64-fedora-clang | 0.2-3 | 335.79 | NOTE | |||
r-devel-linux-x86_64-fedora-gcc | 0.2-3 | 287.22 | OK | |||
r-devel-windows-ix86+x86_64 | 0.2-3 | 350.00 | 77.00 | 427.00 | OK | |
r-patched-linux-x86_64 | 0.2-3 | 150.58 | 34.22 | 184.80 | OK | |
r-patched-solaris-x86 | 0.2-3 | 250.90 | OK | |||
r-release-linux-x86_64 | 0.2-3 | 150.89 | 34.31 | 185.20 | OK | |
r-release-macos-x86_64 | 0.2-3 | NOTE | ||||
r-release-windows-ix86+x86_64 | 0.2-3 | 440.00 | 82.00 | 522.00 | OK | |
r-oldrel-macos-x86_64 | 0.2-3 | NOTE | ||||
r-oldrel-windows-ix86+x86_64 | 0.2-3 | 441.00 | 91.00 | 532.00 | OK |
Version: 0.2-3
Check: installed package size
Result: NOTE
installed size is 12.5Mb
sub-directories of 1Mb or more:
libs 12.3Mb
Flavors: r-devel-linux-x86_64-fedora-clang, r-release-macos-x86_64, r-oldrel-macos-x86_64