CRAN Package Check Results for Package RaSEn

Last updated on 2021-03-03 08:48:44 CET.

Flavor Version Tinstall Tcheck Ttotal Status Flags
r-devel-linux-x86_64-debian-clang 2.0.0 OK
r-devel-linux-x86_64-debian-gcc 2.0.0 15.03 170.37 185.40 OK
r-devel-linux-x86_64-fedora-clang 2.0.0 299.35 NOTE
r-devel-linux-x86_64-fedora-gcc 2.0.0 284.44 OK
r-devel-windows-ix86+x86_64 2.0.0 38.00 268.00 306.00 OK
r-patched-linux-x86_64 2.0.0 16.42 215.87 232.29 OK
r-patched-solaris-x86 2.0.0 378.70 OK
r-release-linux-x86_64 2.0.0 16.50 215.48 231.98 OK
r-release-macos-x86_64 2.0.0 OK
r-release-windows-ix86+x86_64 2.0.0 27.00 201.00 228.00 OK
r-oldrel-macos-x86_64 2.0.0 OK
r-oldrel-windows-ix86+x86_64 2.0.0 34.00 257.00 291.00 OK

Check Details

Version: 2.0.0
Check: Rd cross-references
Result: NOTE
    Undeclared package ‘glmnet’ in Rd xrefs
Flavor: r-devel-linux-x86_64-fedora-clang