Last updated on 2021-01-18 07:48:36 CET.
Flavor | Version | Tinstall | Tcheck | Ttotal | Status | Flags |
---|---|---|---|---|---|---|
r-devel-linux-x86_64-debian-clang | 0.4.17 | 309.13 | 74.50 | 383.63 | OK | |
r-devel-linux-x86_64-debian-gcc | 0.4.17 | 193.61 | 55.53 | 249.14 | OK | |
r-devel-linux-x86_64-fedora-clang | 0.4.17 | 527.41 | NOTE | |||
r-devel-linux-x86_64-fedora-gcc | 0.4.17 | 474.56 | OK | |||
r-devel-windows-ix86+x86_64 | 0.4.17 | 546.00 | 120.00 | 666.00 | NOTE | |
r-patched-linux-x86_64 | 0.4.17 | 231.86 | 68.07 | 299.93 | OK | |
r-release-linux-x86_64 | 0.4.17 | 235.70 | 67.75 | 303.45 | OK | |
r-release-macos-x86_64 | 0.4.17 | NOTE | ||||
r-release-windows-ix86+x86_64 | 0.4.17 | 664.00 | 150.00 | 814.00 | NOTE | |
r-oldrel-macos-x86_64 | 0.4.17 | NOTE | ||||
r-oldrel-windows-ix86+x86_64 | 0.4.17 | 603.00 | 164.00 | 767.00 | NOTE |
Version: 0.4.17
Check: installed package size
Result: NOTE
installed size is 12.8Mb
sub-directories of 1Mb or more:
libs 10.8Mb
Flavors: r-devel-linux-x86_64-fedora-clang, r-devel-windows-ix86+x86_64, r-release-macos-x86_64, r-release-windows-ix86+x86_64, r-oldrel-macos-x86_64, r-oldrel-windows-ix86+x86_64