CRAN Package Check Results for Package RNCEP

Last updated on 2021-01-25 08:48:53 CET.

Flavor Version Tinstall Tcheck Ttotal Status Flags
r-devel-linux-x86_64-debian-clang 1.0.10 17.50 85.78 103.28 OK
r-devel-linux-x86_64-debian-gcc 1.0.10 11.89 65.72 77.61 OK
r-devel-linux-x86_64-fedora-clang 1.0.10 135.22 NOTE
r-devel-linux-x86_64-fedora-gcc 1.0.10 124.51 OK
r-devel-windows-ix86+x86_64 1.0.10 24.00 99.00 123.00 OK
r-patched-linux-x86_64 1.0.10 17.94 79.41 97.35 OK
r-patched-solaris-x86 1.0.10 159.50 OK --no-examples
r-release-linux-x86_64 1.0.10 18.07 79.74 97.81 OK
r-release-macos-x86_64 1.0.10 OK
r-release-windows-ix86+x86_64 1.0.10 23.00 72.00 95.00 OK
r-oldrel-macos-x86_64 1.0.10 WARN
r-oldrel-windows-ix86+x86_64 1.0.10 18.00 85.00 103.00 OK

Check Details

Version: 1.0.10
Check: Rd cross-references
Result: NOTE
    Undeclared packages ‘fossil’, ‘raster’ in Rd xrefs
Flavor: r-devel-linux-x86_64-fedora-clang

Version: 1.0.10
Check: dependencies in R code
Result: NOTE
    No protocol specified
    No protocol specified
Flavor: r-oldrel-macos-x86_64

Version: 1.0.10
Check: S3 generic/method consistency
Result: WARN
    No protocol specified
    No protocol specified
    See section ‘Generic functions and methods’ in the ‘Writing R
    Extensions’ manual.
Flavor: r-oldrel-macos-x86_64

Version: 1.0.10
Check: replacement functions
Result: WARN
    No protocol specified
    No protocol specified
    The argument of a replacement function which corresponds to the right
    hand side must be named ‘value’.
Flavor: r-oldrel-macos-x86_64

Version: 1.0.10
Check: foreign function calls
Result: NOTE
    No protocol specified
    No protocol specified
    See chapter ‘System and foreign language interfaces’ in the ‘Writing R
    Extensions’ manual.
Flavor: r-oldrel-macos-x86_64

Version: 1.0.10
Check: R code for possible problems
Result: NOTE
    No protocol specified
    No protocol specified
Flavor: r-oldrel-macos-x86_64

Version: 1.0.10
Check: for missing documentation entries
Result: WARN
    No protocol specified
    No protocol specified
    All user-level objects in a package should have documentation entries.
    See chapter ‘Writing R documentation files’ in the ‘Writing R
    Extensions’ manual.
Flavor: r-oldrel-macos-x86_64

Version: 1.0.10
Check: for code/documentation mismatches
Result: WARN
    No protocol specified
    No protocol specified
    No protocol specified
    No protocol specified
    No protocol specified
    No protocol specified
Flavor: r-oldrel-macos-x86_64

Version: 1.0.10
Check: Rd \usage sections
Result: NOTE
    No protocol specified
    No protocol specified
    The \usage entries for S3 methods should use the \method markup and not
    their full name.
    See chapter ‘Writing R documentation files’ in the ‘Writing R
    Extensions’ manual.
Flavor: r-oldrel-macos-x86_64