CRAN Package Check Results for Package RGraphics

Last updated on 2021-04-22 07:48:19 CEST.

Flavor Version Tinstall Tcheck Ttotal Status Flags
r-devel-linux-x86_64-debian-clang 3.0-2 12.96 85.81 98.77 OK
r-devel-linux-x86_64-debian-gcc 3.0-2 9.27 62.29 71.56 OK
r-devel-linux-x86_64-fedora-clang 3.0-2 124.40 OK
r-devel-linux-x86_64-fedora-gcc 3.0-2 113.60 OK
r-devel-windows-ix86+x86_64 3.0-2 27.00 99.00 126.00 OK
r-devel-windows-x86_64-gcc10-UCRT 3.0-2 OK
r-patched-linux-x86_64 3.0-2 10.69 75.69 86.38 OK
r-patched-solaris-x86 3.0-2 149.70 NOTE
r-release-linux-x86_64 3.0-2 11.48 74.91 86.39 OK
r-release-macos-x86_64 3.0-2 OK
r-release-windows-ix86+x86_64 3.0-2 25.00 97.00 122.00 OK
r-oldrel-macos-x86_64 3.0-2 OK
r-oldrel-windows-ix86+x86_64 3.0-2 28.00 94.00 122.00 OK

Check Details

Version: 3.0-2
Check: package dependencies
Result: NOTE
    Package suggested but not available for checking: ‘rsvg’
Flavor: r-patched-solaris-x86