Last updated on 2021-03-03 08:48:44 CET.
Flavor | Version | Tinstall | Tcheck | Ttotal | Status | Flags |
---|---|---|---|---|---|---|
r-devel-linux-x86_64-debian-clang | 3.2-3.2.1 | NOTE | ||||
r-devel-linux-x86_64-debian-gcc | 3.2-3.2.1 | 3.64 | 36.00 | 39.64 | NOTE | |
r-devel-linux-x86_64-fedora-clang | 3.2-3.2.1 | 72.41 | OK | |||
r-devel-linux-x86_64-fedora-gcc | 3.2-3.2.1 | 61.04 | OK | |||
r-devel-windows-ix86+x86_64 | 3.2-3.2.1 | 8.00 | 65.00 | 73.00 | OK | |
r-patched-linux-x86_64 | 3.2-3.2.1 | 3.90 | 44.74 | 48.64 | NOTE | |
r-patched-solaris-x86 | 3.2-3.2.1 | 85.30 | OK | --no-tests | ||
r-release-linux-x86_64 | 3.2-3.2.1 | 4.25 | 44.58 | 48.83 | NOTE | |
r-release-macos-x86_64 | 3.2-3.2.1 | OK | ||||
r-release-windows-ix86+x86_64 | 3.2-3.2.1 | 7.00 | 63.00 | 70.00 | OK | |
r-oldrel-macos-x86_64 | 3.2-3.2.1 | OK | ||||
r-oldrel-windows-ix86+x86_64 | 3.2-3.2.1 | 21.00 | 71.00 | 92.00 | OK |
Version: 3.2-3.2.1
Check: R code for possible problems
Result: NOTE
Found the following calls to attach():
File 'R2OpenBUGS/R/attach.all.R':
attach(x, name = name)
See section 'Good practice' in '?attach'.
Flavors: r-devel-linux-x86_64-debian-clang, r-devel-linux-x86_64-debian-gcc, r-patched-linux-x86_64, r-release-linux-x86_64