Last updated on 2021-01-15 07:50:53 CET.
Flavor | Version | Tinstall | Tcheck | Ttotal | Status | Flags |
---|---|---|---|---|---|---|
r-devel-linux-x86_64-debian-clang | 0.2-1 | 3.55 | 28.03 | 31.58 | OK | |
r-devel-linux-x86_64-debian-gcc | 0.2-1 | 2.12 | 21.12 | 23.24 | OK | |
r-patched-linux-x86_64 | 0.2-1 | 2.91 | 27.59 | 30.50 | OK | |
r-release-linux-x86_64 | 0.2-1 | 3.20 | 27.54 | 30.74 | OK | |
r-release-macos-x86_64 | 0.2-1 | ERROR | ||||
r-release-windows-ix86+x86_64 | 0.2-1 | 1.00 | 4.00 | 5.00 | ERROR | |
r-oldrel-macos-x86_64 | 0.2-1 | ERROR |
Version: 0.2-1
Check: whether package can be installed
Result: ERROR
Installation failed.
Flavors: r-release-macos-x86_64, r-release-windows-ix86+x86_64, r-oldrel-macos-x86_64