CRAN Package Check Results for Package NetRep

Last updated on 2021-03-03 08:48:41 CET.

Flavor Version Tinstall Tcheck Ttotal Status Flags
r-devel-linux-x86_64-debian-clang 1.2.4 OK
r-devel-linux-x86_64-debian-gcc 1.2.4 114.54 116.97 231.51 OK
r-devel-linux-x86_64-fedora-clang 1.2.4 429.13 NOTE
r-devel-linux-x86_64-fedora-gcc 1.2.4 396.70 OK
r-devel-windows-ix86+x86_64 1.2.4 380.00 231.00 611.00 OK
r-patched-linux-x86_64 1.2.4 127.45 148.29 275.74 OK
r-patched-solaris-x86 1.2.4 305.70 ERROR
r-release-linux-x86_64 1.2.4 132.97 147.93 280.90 OK
r-release-macos-x86_64 1.2.4 NOTE
r-release-windows-ix86+x86_64 1.2.4 273.00 184.00 457.00 OK
r-oldrel-macos-x86_64 1.2.4 NOTE
r-oldrel-windows-ix86+x86_64 1.2.4 332.00 227.00 559.00 OK

Check Details

Version: 1.2.4
Check: installed package size
Result: NOTE
     installed size is 9.3Mb
     sub-directories of 1Mb or more:
     doc 1.4Mb
     libs 6.9Mb
Flavors: r-devel-linux-x86_64-fedora-clang, r-release-macos-x86_64, r-oldrel-macos-x86_64

Version: 1.2.4
Check: tests
Result: ERROR
     Running ‘testthat.R’ [0m/180m]
    Running the tests in ‘tests/testthat.R’ failed.
    Complete output:
     > library(testthat)
     > library(NetRep)
     >
     > test_check("NetRep")
    
     *** caught segfault ***
     address 93060bb1, cause 'memory not mapped'
Flavor: r-patched-solaris-x86

Version: 1.2.4
Check: re-building of vignette outputs
Result: WARN
    Error(s) in re-building vignettes:
     ...
    --- re-building ‘NetRep.Rmd’ using rmarkdown
    Warning in engine$weave(file, quiet = quiet, encoding = enc) :
     Pandoc (>= 1.12.3) and/or pandoc-citeproc not available. Falling back to R Markdown v1.
    Quitting from lines 286-289 (NetRep.Rmd)
    Error: processing vignette 'NetRep.Rmd' failed with diagnostics:
    dim(X) must have a positive length
    --- failed re-building ‘NetRep.Rmd’
    
    SUMMARY: processing the following file failed:
     ‘NetRep.Rmd’
    
    Error: Vignette re-building failed.
    Execution halted
Flavor: r-patched-solaris-x86