CRAN Package Check Results for Package IsoGene

Last updated on 2021-03-03 08:48:38 CET.

Flavor Version Tinstall Tcheck Ttotal Status Flags
r-devel-linux-x86_64-debian-clang 1.0-24 OK
r-devel-linux-x86_64-debian-gcc 1.0-24 6.45 65.00 71.45 OK
r-devel-linux-x86_64-fedora-clang 1.0-24 125.15 NOTE
r-devel-linux-x86_64-fedora-gcc 1.0-24 113.65 OK
r-devel-windows-ix86+x86_64 1.0-24 15.00 104.00 119.00 OK
r-patched-linux-x86_64 1.0-24 8.34 82.64 90.98 OK
r-patched-solaris-x86 1.0-24 156.50 OK
r-release-linux-x86_64 1.0-24 8.06 82.73 90.79 OK
r-release-windows-ix86+x86_64 1.0-24 12.00 100.00 112.00 OK
r-oldrel-windows-ix86+x86_64 1.0-24 25.00 110.00 135.00 OK

Check Details

Version: 1.0-24
Check: Rd cross-references
Result: NOTE
    Undeclared package ‘multtest’ in Rd xrefs
Flavor: r-devel-linux-x86_64-fedora-clang