Last updated on 2021-01-16 07:49:17 CET.
Flavor | Version | Tinstall | Tcheck | Ttotal | Status | Flags |
---|---|---|---|---|---|---|
r-devel-linux-x86_64-debian-clang | 2.0.1 | 5.43 | 57.76 | 63.19 | NOTE | |
r-devel-linux-x86_64-debian-gcc | 2.0.1 | 4.33 | 45.96 | 50.29 | NOTE | |
r-devel-linux-x86_64-fedora-clang | 2.0.1 | 83.45 | NOTE | |||
r-devel-linux-x86_64-fedora-gcc | 2.0.1 | 76.66 | NOTE | |||
r-devel-windows-ix86+x86_64 | 2.0.1 | 10.00 | 61.00 | 71.00 | OK | |
r-patched-linux-x86_64 | 2.0.1 | 5.07 | 55.61 | 60.68 | NOTE | |
r-patched-solaris-x86 | 2.0.1 | 135.90 | NOTE | |||
r-release-linux-x86_64 | 2.0.1 | 5.00 | 55.20 | 60.20 | NOTE | |
r-release-macos-x86_64 | 2.0.1 | OK | ||||
r-release-windows-ix86+x86_64 | 2.0.1 | 10.00 | 61.00 | 71.00 | OK | |
r-oldrel-macos-x86_64 | 2.0.1 | OK | ||||
r-oldrel-windows-ix86+x86_64 | 2.0.1 | 10.00 | 53.00 | 63.00 | OK |
Version: 2.0.1
Check: for non-standard things in the check directory
Result: NOTE
Found the following files/directories:
'RRprof.out'
Flavors: r-devel-linux-x86_64-debian-clang, r-devel-linux-x86_64-debian-gcc, r-devel-linux-x86_64-fedora-clang, r-devel-linux-x86_64-fedora-gcc, r-patched-linux-x86_64, r-patched-solaris-x86, r-release-linux-x86_64