CRAN Package Check Results for Package Eunomia

Last updated on 2021-04-16 07:47:58 CEST.

Flavor Version Tinstall Tcheck Ttotal Status Flags
r-devel-linux-x86_64-debian-clang 1.0.1 5.08 57.97 63.05 NOTE
r-devel-linux-x86_64-debian-gcc 1.0.1 4.09 45.32 49.41 NOTE
r-devel-linux-x86_64-fedora-clang 1.0.1 88.11 NOTE
r-devel-linux-x86_64-fedora-gcc 1.0.1 77.56 NOTE
r-devel-windows-ix86+x86_64 1.0.1 13.00 80.00 93.00 NOTE
r-devel-windows-x86_64-gcc10-UCRT 1.0.1 NOTE
r-patched-linux-x86_64 1.0.1 5.49 54.91 60.40 OK
r-patched-solaris-x86 1.0.1 94.20 NOTE
r-release-linux-x86_64 1.0.1 4.54 54.94 59.48 OK
r-release-macos-x86_64 1.0.1 NOTE
r-release-windows-ix86+x86_64 1.0.1 25.00 84.00 109.00 OK
r-oldrel-macos-x86_64 1.0.1 NOTE
r-oldrel-windows-ix86+x86_64 1.0.1 6.00 62.00 68.00 OK

Check Details

Version: 1.0.1
Check: LazyData
Result: NOTE
     'LazyData' is specified without a 'data' directory
Flavors: r-devel-linux-x86_64-debian-clang, r-devel-linux-x86_64-debian-gcc, r-devel-linux-x86_64-fedora-clang, r-devel-linux-x86_64-fedora-gcc, r-devel-windows-ix86+x86_64, r-devel-windows-x86_64-gcc10-UCRT

Version: 1.0.1
Check: dependencies in R code
Result: NOTE
    Namespace in Imports field not imported from: ‘RSQLite’
     All declared Imports should be used.
Flavors: r-devel-linux-x86_64-fedora-clang, r-devel-linux-x86_64-fedora-gcc, r-devel-windows-x86_64-gcc10-UCRT, r-patched-solaris-x86, r-release-macos-x86_64, r-oldrel-macos-x86_64