CRAN Package Check Results for Package EcoHydRology

Last updated on 2021-01-16 07:49:14 CET.

Flavor Version Tinstall Tcheck Ttotal Status Flags
r-devel-linux-x86_64-debian-clang 0.4.12.1 6.68 44.13 50.81 OK
r-devel-linux-x86_64-debian-gcc 0.4.12.1 4.19 34.83 39.02 OK
r-devel-linux-x86_64-fedora-clang 0.4.12.1 69.96 NOTE
r-devel-linux-x86_64-fedora-gcc 0.4.12.1 62.81 NOTE
r-devel-windows-ix86+x86_64 0.4.12.1 8.00 50.00 58.00 OK
r-patched-linux-x86_64 0.4.12.1 6.38 42.10 48.48 OK
r-patched-solaris-x86 0.4.12.1 85.60 NOTE
r-release-linux-x86_64 0.4.12.1 5.35 42.32 47.67 OK
r-release-macos-x86_64 0.4.12.1 NOTE
r-release-windows-ix86+x86_64 0.4.12.1 10.00 64.00 74.00 OK
r-oldrel-macos-x86_64 0.4.12.1 NOTE
r-oldrel-windows-ix86+x86_64 0.4.12.1 14.00 92.00 106.00 OK

Check Details

Version: 0.4.12.1
Check: data for non-ASCII characters
Result: NOTE
     Note: found 8 marked UTF-8 strings
Flavors: r-devel-linux-x86_64-fedora-clang, r-devel-linux-x86_64-fedora-gcc, r-patched-solaris-x86, r-release-macos-x86_64, r-oldrel-macos-x86_64