Last updated on 2021-03-03 08:48:33 CET.
Flavor | Version | Tinstall | Tcheck | Ttotal | Status | Flags |
---|---|---|---|---|---|---|
r-devel-linux-x86_64-debian-clang | 1.5 | OK | ||||
r-devel-linux-x86_64-debian-gcc | 1.5 | 13.64 | 81.97 | 95.61 | OK | |
r-devel-linux-x86_64-fedora-clang | 1.5 | 160.48 | NOTE | |||
r-devel-linux-x86_64-fedora-gcc | 1.5 | 152.38 | NOTE | |||
r-devel-windows-ix86+x86_64 | 1.5 | 38.00 | 167.00 | 205.00 | OK | |
r-patched-linux-x86_64 | 1.5 | 15.68 | 98.32 | 114.00 | OK | |
r-patched-solaris-x86 | 1.5 | 201.50 | OK | |||
r-release-linux-x86_64 | 1.5 | 15.89 | 98.35 | 114.24 | OK | |
r-release-macos-x86_64 | 1.5 | OK | ||||
r-release-windows-ix86+x86_64 | 1.5 | 27.00 | 126.00 | 153.00 | OK | |
r-oldrel-macos-x86_64 | 1.5 | OK | ||||
r-oldrel-windows-ix86+x86_64 | 1.5 | 51.00 | 148.00 | 199.00 | OK |
Version: 1.5
Check: compiled code
Result: NOTE
File ‘EasyABC/libs/EasyABC.so’:
Found no calls to: ‘R_registerRoutines’, ‘R_useDynamicSymbols’
It is good practice to register native routines and to disable symbol
search.
See ‘Writing portable packages’ in the ‘Writing R Extensions’ manual.
Flavors: r-devel-linux-x86_64-fedora-clang, r-devel-linux-x86_64-fedora-gcc