CRAN Package Check Results for Package DatabaseConnector

Last updated on 2021-03-03 08:48:32 CET.

Flavor Version Tinstall Tcheck Ttotal Status Flags
r-devel-linux-x86_64-debian-clang 3.0.0 OK
r-devel-linux-x86_64-debian-gcc 3.0.0 5.88 52.38 58.26 OK
r-devel-linux-x86_64-fedora-clang 4.0.0 113.30 OK
r-devel-linux-x86_64-fedora-gcc 4.0.0 105.92 OK
r-devel-windows-ix86+x86_64 3.0.0 21.00 103.00 124.00 OK
r-patched-linux-x86_64 3.0.0 7.03 64.89 71.92 OK
r-patched-solaris-x86 4.0.0 124.70 NOTE
r-release-linux-x86_64 3.0.0 6.65 65.18 71.83 OK
r-release-macos-x86_64 3.0.0 NOTE
r-release-windows-ix86+x86_64 3.0.0 16.00 71.00 87.00 OK
r-oldrel-macos-x86_64 3.0.0 NOTE
r-oldrel-windows-ix86+x86_64 3.0.0 14.00 88.00 102.00 OK

Check Details

Version: 4.0.0
Check: package dependencies
Result: NOTE
    Package suggested but not available for checking: ‘ssh’
Flavor: r-patched-solaris-x86

Version: 3.0.0
Check: dependencies in R code
Result: NOTE
    Namespace in Imports field not imported from: ‘DatabaseConnectorJars’
     All declared Imports should be used.
Flavors: r-release-macos-x86_64, r-oldrel-macos-x86_64