Last updated on 2021-04-17 07:47:37 CEST.
Flavor | Version | Tinstall | Tcheck | Ttotal | Status | Flags |
---|---|---|---|---|---|---|
r-devel-linux-x86_64-debian-clang | 1.7.0 | 24.09 | 63.85 | 87.94 | NOTE | |
r-devel-linux-x86_64-debian-gcc | 1.7.0 | 15.86 | 48.48 | 64.34 | NOTE | |
r-devel-linux-x86_64-fedora-clang | 1.7.0 | 119.64 | NOTE | |||
r-devel-linux-x86_64-fedora-gcc | 1.7.0 | 105.29 | NOTE | |||
r-devel-windows-ix86+x86_64 | 1.7.0 | 38.00 | 85.00 | 123.00 | NOTE | |
r-devel-windows-x86_64-gcc10-UCRT | 1.7.0 | NOTE | ||||
r-patched-linux-x86_64 | 1.7.0 | 21.52 | 59.17 | 80.69 | OK | |
r-patched-solaris-x86 | 1.7.0 | 144.30 | OK | |||
r-release-linux-x86_64 | 1.7.0 | 20.59 | 60.08 | 80.67 | OK | |
r-release-macos-x86_64 | 1.7.0 | OK | ||||
r-release-windows-ix86+x86_64 | 1.7.0 | 39.00 | 93.00 | 132.00 | OK | |
r-oldrel-macos-x86_64 | 1.7.0 | OK | ||||
r-oldrel-windows-ix86+x86_64 | 1.7.0 | 22.00 | 63.00 | 85.00 | OK |
Version: 1.7.0
Check: LazyData
Result: NOTE
'LazyData' is specified without a 'data' directory
Flavors: r-devel-linux-x86_64-debian-clang, r-devel-linux-x86_64-debian-gcc, r-devel-linux-x86_64-fedora-clang, r-devel-linux-x86_64-fedora-gcc, r-devel-windows-ix86+x86_64, r-devel-windows-x86_64-gcc10-UCRT