CRAN Package Check Results for Package CrypticIBDcheck

Last updated on 2021-04-16 07:47:56 CEST.

Flavor Version Tinstall Tcheck Ttotal Status Flags
r-devel-linux-x86_64-debian-clang 0.3-3 14.48 130.25 144.73 OK
r-devel-linux-x86_64-debian-gcc 0.3-3 12.28 98.86 111.14 OK
r-devel-linux-x86_64-fedora-clang 0.3-3 185.84 OK
r-devel-linux-x86_64-fedora-gcc 0.3-3 182.42 OK
r-devel-windows-ix86+x86_64 0.3-3 42.00 223.00 265.00 OK
r-devel-windows-x86_64-gcc10-UCRT 0.3-3 OK
r-patched-linux-x86_64 0.3-3 15.07 119.04 134.11 OK
r-release-linux-x86_64 0.3-3 14.99 120.96 135.95 OK
r-release-macos-x86_64 0.3-3 ERROR
r-release-windows-ix86+x86_64 0.3-3 38.00 213.00 251.00 OK
r-oldrel-macos-x86_64 0.3-3 OK
r-oldrel-windows-ix86+x86_64 0.3-3 26.00 197.00 223.00 OK

Check Details

Version: 0.3-3
Check: package dependencies
Result: ERROR
    Packages required but not available: 'rJPSGCS', 'chopsticks'
    
    See section ‘The DESCRIPTION file’ in the ‘Writing R Extensions’
    manual.
Flavor: r-release-macos-x86_64