CRAN Package Check Results for Package CruzPlot

Last updated on 2021-04-23 07:47:45 CEST.

Flavor Version Tinstall Tcheck Ttotal Status Flags
r-devel-linux-x86_64-debian-clang 1.4.5 3.54 34.72 38.26 NOTE
r-devel-linux-x86_64-debian-gcc 1.4.5 2.59 27.91 30.50 NOTE
r-devel-linux-x86_64-fedora-clang 1.4.5 56.73 NOTE
r-devel-linux-x86_64-fedora-gcc 1.4.5 45.44 NOTE
r-devel-windows-ix86+x86_64 1.4.5 10.00 54.00 64.00 NOTE
r-devel-windows-x86_64-gcc10-UCRT 1.4.5 NOTE
r-patched-linux-x86_64 1.4.5 3.21 33.83 37.04 NOTE
r-patched-solaris-x86 1.4.5 75.10 NOTE
r-release-linux-x86_64 1.4.5 3.77 33.79 37.56 OK
r-release-macos-x86_64 1.4.5 NOTE
r-release-windows-ix86+x86_64 1.4.5 11.00 43.00 54.00 OK
r-oldrel-macos-x86_64 1.4.5 NOTE
r-oldrel-windows-ix86+x86_64 1.4.5 8.00 56.00 64.00 OK

Check Details

Version: 1.4.5
Check: LazyData
Result: NOTE
     'LazyData' is specified without a 'data' directory
Flavors: r-devel-linux-x86_64-debian-clang, r-devel-linux-x86_64-debian-gcc, r-devel-linux-x86_64-fedora-clang, r-devel-linux-x86_64-fedora-gcc, r-devel-windows-ix86+x86_64, r-devel-windows-x86_64-gcc10-UCRT, r-patched-linux-x86_64

Version: 1.4.5
Check: dependencies in R code
Result: NOTE
    Namespaces in Imports field not imported from:
     ‘DT’ ‘dplyr’ ‘geosphere’ ‘mapdata’ ‘maps’ ‘marmap’ ‘shinydashboard’
     ‘shinyjs’ ‘stringr’ ‘swfscDAS’
     All declared Imports should be used.
Flavors: r-devel-linux-x86_64-fedora-clang, r-devel-linux-x86_64-fedora-gcc, r-devel-windows-x86_64-gcc10-UCRT, r-patched-solaris-x86, r-release-macos-x86_64, r-oldrel-macos-x86_64