CRAN Package Check Results for Package CompDist

Last updated on 2021-04-16 07:47:56 CEST.

Flavor Version Tinstall Tcheck Ttotal Status Flags
r-devel-linux-x86_64-debian-clang 1.0 3.05 29.17 32.22 OK
r-devel-linux-x86_64-debian-gcc 1.0 2.34 21.96 24.30 OK
r-devel-linux-x86_64-fedora-clang 1.0 48.84 NOTE
r-devel-linux-x86_64-fedora-gcc 1.0 39.31 NOTE
r-devel-windows-ix86+x86_64 1.0 6.00 48.00 54.00 OK
r-devel-windows-x86_64-gcc10-UCRT 1.0 NOTE
r-patched-linux-x86_64 1.0 2.65 27.25 29.90 OK
r-patched-solaris-x86 1.0 56.50 NOTE
r-release-linux-x86_64 1.0 2.62 27.90 30.52 OK
r-release-macos-x86_64 1.0 NOTE
r-release-windows-ix86+x86_64 1.0 5.00 45.00 50.00 OK
r-oldrel-macos-x86_64 1.0 NOTE
r-oldrel-windows-ix86+x86_64 1.0 4.00 42.00 46.00 OK

Check Details

Version: 1.0
Check: dependencies in R code
Result: NOTE
    Namespaces in Imports field not imported from:
     ‘PearsonDS’ ‘VGAM’ ‘actuar’ ‘fExtremes’ ‘rmutil’
     All declared Imports should be used.
Flavors: r-devel-linux-x86_64-fedora-clang, r-devel-linux-x86_64-fedora-gcc, r-devel-windows-x86_64-gcc10-UCRT, r-patched-solaris-x86, r-release-macos-x86_64, r-oldrel-macos-x86_64