CRAN Package Check Results for Package CoSMoS

Last updated on 2021-01-18 07:48:19 CET.

Flavor Version Tinstall Tcheck Ttotal Status Flags
r-devel-linux-x86_64-debian-clang 2.0.0 13.23 379.06 392.29 OK
r-devel-linux-x86_64-debian-gcc 2.0.0 10.71 280.93 291.64 OK
r-devel-linux-x86_64-fedora-clang 2.0.0 489.95 NOTE
r-devel-linux-x86_64-fedora-gcc 2.0.0 502.32 NOTE
r-devel-windows-ix86+x86_64 2.0.0 21.00 303.00 324.00 NOTE
r-patched-linux-x86_64 2.0.0 11.94 348.38 360.32 OK
r-patched-solaris-x86 2.0.0 258.50 WARN
r-release-linux-x86_64 2.0.0 12.08 352.85 364.93 OK
r-release-macos-x86_64 2.0.0 WARN
r-release-windows-ix86+x86_64 2.0.0 24.00 337.00 361.00 NOTE
r-oldrel-macos-x86_64 2.0.0 WARN
r-oldrel-windows-ix86+x86_64 2.0.0 26.00 407.00 433.00 NOTE

Check Details

Version: 2.0.0
Check: installed package size
Result: NOTE
     installed size is 5.7Mb
     sub-directories of 1Mb or more:
     doc 4.9Mb
Flavors: r-devel-linux-x86_64-fedora-clang, r-devel-windows-ix86+x86_64, r-patched-solaris-x86, r-release-macos-x86_64, r-release-windows-ix86+x86_64, r-oldrel-macos-x86_64, r-oldrel-windows-ix86+x86_64

Version: 2.0.0
Check: dependencies in R code
Result: NOTE
    Namespace in Imports field not imported from: ‘plotly’
     All declared Imports should be used.
Flavors: r-devel-linux-x86_64-fedora-clang, r-devel-linux-x86_64-fedora-gcc, r-patched-solaris-x86, r-release-macos-x86_64, r-oldrel-macos-x86_64

Version: 2.0.0
Check: re-building of vignette outputs
Result: WARN
    Error(s) in re-building vignettes:
     ...
    --- re-building ‘vignette.Rmd’ using rmarkdown
    Warning in engine$weave(file, quiet = quiet, encoding = enc) :
     Pandoc (>= 1.12.3) and/or pandoc-citeproc not available. Falling back to R Markdown v1.
    Order "p" limited to 1
    `stat_bin()` using `bins = 30`. Pick better value with `binwidth`.
    Order "p" limited to 4
    `stat_bin()` using `bins = 30`. Pick better value with `binwidth`.
    Order "p" limited to 30
    `stat_bin()` using `bins = 30`. Pick better value with `binwidth`.
    Order "p" limited to 20
    `stat_bin()` using `bins = 30`. Pick better value with `binwidth`.
    Order "p" limited to 30
    Order "p" limited to 30
    Order "p" limited to 30
    Order "p" limited to 30
    Order "p" limited to 30
    
    Attaching package: 'plotly'
    
    The following object is masked from 'package:ggplot2':
    
     last_plot
    
    The following object is masked from 'package:stats':
    
     filter
    
    The following object is masked from 'package:graphics':
    
     layout
    
    Quitting from lines 187-206 (vignette.Rmd)
    Error: processing vignette 'vignette.Rmd' failed with diagnostics:
    there is no package called 'webshot'
    --- failed re-building ‘vignette.Rmd’
    
    SUMMARY: processing the following file failed:
     ‘vignette.Rmd’
    
    Error: Vignette re-building failed.
    Execution halted
Flavor: r-patched-solaris-x86

Version: 2.0.0
Check: re-building of vignette outputs
Result: WARN
    Error(s) in re-building vignettes:
    --- re-building ‘vignette.Rmd’ using rmarkdown
    Warning in engine$weave(file, quiet = quiet, encoding = enc) :
     Pandoc (>= 1.12.3) and/or pandoc-citeproc not available. Falling back to R Markdown v1.
    Order "p" limited to 1
    `stat_bin()` using `bins = 30`. Pick better value with `binwidth`.
    Order "p" limited to 4
    `stat_bin()` using `bins = 30`. Pick better value with `binwidth`.
    Order "p" limited to 30
    `stat_bin()` using `bins = 30`. Pick better value with `binwidth`.
    Order "p" limited to 20
    `stat_bin()` using `bins = 30`. Pick better value with `binwidth`.
    Order "p" limited to 30
    Order "p" limited to 30
    Order "p" limited to 30
    Order "p" limited to 30
    Order "p" limited to 30
    
    Attaching package: 'plotly'
    
    The following object is masked from 'package:ggplot2':
    
     last_plot
    
    The following object is masked from 'package:stats':
    
     filter
    
    The following object is masked from 'package:graphics':
    
     layout
    
    PhantomJS not found. You can install it with webshot::install_phantomjs(). If it is installed, please make sure the phantomjs executable can be found via the PATH variable.
    Warning in normalizePath(f2) :
     path[1]="webshot1f9c6bc7f2f2.png": No such file or directory
    Warning in file(con, "rb") :
     cannot open file 'webshot1f9c6bc7f2f2.png': No such file or directory
    Quitting from lines 187-206 (vignette.Rmd)
    Error: processing vignette 'vignette.Rmd' failed with diagnostics:
    cannot open the connection
    --- failed re-building ‘vignette.Rmd’
    
    SUMMARY: processing the following file failed:
     ‘vignette.Rmd’
    
    Error: Vignette re-building failed.
    Execution halted
Flavor: r-release-macos-x86_64

Version: 2.0.0
Check: re-building of vignette outputs
Result: WARN
    Error(s) in re-building vignettes:
    --- re-building ‘vignette.Rmd’ using rmarkdown
    Warning in engine$weave(file, quiet = quiet, encoding = enc) :
     Pandoc (>= 1.12.3) and/or pandoc-citeproc not available. Falling back to R Markdown v1.
    Order "p" limited to 1
    `stat_bin()` using `bins = 30`. Pick better value with `binwidth`.
    Order "p" limited to 4
    `stat_bin()` using `bins = 30`. Pick better value with `binwidth`.
    Order "p" limited to 30
    `stat_bin()` using `bins = 30`. Pick better value with `binwidth`.
    Order "p" limited to 20
    `stat_bin()` using `bins = 30`. Pick better value with `binwidth`.
    Order "p" limited to 30
    Order "p" limited to 30
    Order "p" limited to 30
    Order "p" limited to 30
    Order "p" limited to 30
    
    Attaching package: 'plotly'
    
    The following object is masked from 'package:ggplot2':
    
     last_plot
    
    The following object is masked from 'package:stats':
    
     filter
    
    The following object is masked from 'package:graphics':
    
     layout
    
    PhantomJS not found. You can install it with webshot::install_phantomjs(). If it is installed, please make sure the phantomjs executable can be found via the PATH variable.
    Warning in normalizePath(f2) :
     path[1]="webshotb6722ebeb70.png": No such file or directory
    Warning in file(con, "rb") :
     cannot open file 'webshotb6722ebeb70.png': No such file or directory
    Quitting from lines 187-206 (vignette.Rmd)
    Error: processing vignette 'vignette.Rmd' failed with diagnostics:
    cannot open the connection
    --- failed re-building ‘vignette.Rmd’
    
    SUMMARY: processing the following file failed:
     ‘vignette.Rmd’
    
    Error: Vignette re-building failed.
    Execution halted
Flavor: r-oldrel-macos-x86_64