CRAN Package Check Results for Package CBDA

Last updated on 2021-03-03 08:48:31 CET.

Flavor Version Tinstall Tcheck Ttotal Status Flags
r-devel-linux-x86_64-debian-clang 1.0.0 OK
r-devel-linux-x86_64-debian-gcc 1.0.0 3.88 202.81 206.69 OK
r-devel-linux-x86_64-fedora-clang 1.0.0 320.53 NOTE
r-devel-linux-x86_64-fedora-gcc 1.0.0 340.34 NOTE
r-devel-windows-ix86+x86_64 1.0.0 9.00 273.00 282.00 OK
r-patched-linux-x86_64 1.0.0 3.15 233.61 236.76 OK
r-patched-solaris-x86 1.0.0 717.40 NOTE
r-release-linux-x86_64 1.0.0 3.95 238.36 242.31 OK
r-release-macos-x86_64 1.0.0 NOTE
r-release-windows-ix86+x86_64 1.0.0 7.00 203.00 210.00 OK
r-oldrel-macos-x86_64 1.0.0 NOTE
r-oldrel-windows-ix86+x86_64 1.0.0 7.00 259.00 266.00 OK

Check Details

Version: 1.0.0
Check: dependencies in R code
Result: NOTE
    Namespace in Imports field not imported from: ‘prettydoc’
     All declared Imports should be used.
Flavors: r-devel-linux-x86_64-fedora-clang, r-devel-linux-x86_64-fedora-gcc, r-patched-solaris-x86, r-release-macos-x86_64, r-oldrel-macos-x86_64