CRAN Package Check Results for Package BCEA

Last updated on 2021-04-23 07:47:42 CEST.

Flavor Version Tinstall Tcheck Ttotal Status Flags
r-devel-linux-x86_64-debian-clang 2.3-1.1 9.26 90.92 100.18 NOTE
r-devel-linux-x86_64-debian-gcc 2.3-1.1 7.73 66.90 74.63 NOTE
r-devel-linux-x86_64-fedora-clang 2.3-1.1 127.26 OK
r-devel-linux-x86_64-fedora-gcc 2.3-1.1 116.10 OK
r-devel-windows-ix86+x86_64 2.3-1.1 16.00 109.00 125.00 OK
r-devel-windows-x86_64-gcc10-UCRT 2.3-1.1 NOTE
r-patched-linux-x86_64 2.3-1.1 9.60 85.32 94.92 NOTE
r-patched-solaris-x86 2.3-1.1 155.50 NOTE
r-release-linux-x86_64 2.3-1.1 9.66 82.46 92.12 NOTE
r-release-macos-x86_64 2.3-1.1 NOTE
r-release-windows-ix86+x86_64 2.3-1.1 16.00 95.00 111.00 OK
r-oldrel-macos-x86_64 2.3-1.1 NOTE
r-oldrel-windows-ix86+x86_64 2.3-1.1 40.00 104.00 144.00 OK

Check Details

Version: 2.3-1.1
Check: package dependencies
Result: NOTE
    Package suggested but not available for checking: 'INLA'
Flavors: r-devel-linux-x86_64-debian-clang, r-devel-linux-x86_64-debian-gcc, r-devel-windows-x86_64-gcc10-UCRT, r-patched-linux-x86_64, r-patched-solaris-x86, r-release-linux-x86_64, r-release-macos-x86_64, r-oldrel-macos-x86_64