CRAN Package Check Results for Package AICcmodavg

Last updated on 2021-04-17 07:47:33 CEST.

Flavor Version Tinstall Tcheck Ttotal Status Flags
r-devel-linux-x86_64-debian-clang 2.3-1 82.98 438.08 521.06 OK
r-devel-linux-x86_64-debian-gcc 2.3-1 68.51 320.45 388.96 OK
r-devel-linux-x86_64-fedora-clang 2.3-1 624.01 NOTE
r-devel-linux-x86_64-fedora-gcc 2.3-1 623.29 OK
r-devel-windows-ix86+x86_64 2.3-1 136.00 456.00 592.00 OK
r-devel-windows-x86_64-gcc10-UCRT 2.3-1 OK
r-patched-linux-x86_64 2.3-1 72.59 388.68 461.27 OK
r-patched-solaris-x86 2.3-1 711.80 OK
r-release-linux-x86_64 2.3-1 76.64 394.81 471.45 OK
r-release-macos-x86_64 2.3-1 OK
r-release-windows-ix86+x86_64 2.3-1 135.00 467.00 602.00 OK
r-oldrel-macos-x86_64 2.3-1 OK
r-oldrel-windows-ix86+x86_64 2.3-1 80.00 365.00 445.00 OK

Check Details

Version: 2.3-1
Check: Rd cross-references
Result: NOTE
    Undeclared packages ‘multcomp’, ‘gmodels’ in Rd xrefs
Flavor: r-devel-linux-x86_64-fedora-clang